0233 + 5?
32300242
In base 11, what is -36584 - -101?
-36483
In base 4, what is 310122011 + -10222?
310111123
In base 5, what is 2 - 1121214204423?
-1121214204421
In base 8, what is 407 + -65542?
-65133
In base 2, what is -1111111010001000000000 - -101?
-1111111010000111111011
In base 8, what is -1 - 4125066?
-4125067
In base 9, what is 113303142 - -2?
113303144
In base 15, what is 7 + -82d648?
-82d641
In base 8, what is 1 + -12221666?
-12221665
In base 3, what is -1000220012211 - 101010?
-1000220120221
In base 12, what is -405774 - 970?
-406524
In base 8, what is 10614 - 14152?
-3336
In base 15, what is 133 - 3b72?
-3a3e
In base 6, what is -325 + -11502542?
-11503311
In base 10, what is 119377 - -149?
119526
In base 16, what is 9 + -33ec4ee?
-33ec4e5
In base 14, what is 297b - -2a47?
55c4
In base 7, what is 4 + -121246020?
-121246013
In base 3, what is -1010221001102 - -12012?
-1010220212020
In base 10, what is 803782 + 0?
803782
In base 11, what is -92764a + -47?
-927696
In base 12, what is -97106a6 + 5?
-97106a1
In base 2, what is -11001101011111100000010111 - 11?
-11001101011111100000011010
In base 8, what is 14 - 33274662?
-33274646
In base 6, what is -125224124 - -301?
-125223423
In base 10, what is 2326 + -16557?
-14231
In base 10, what is 2294 - 23895?
-21601
In base 5, what is -431043240042 + 0?
-431043240042
In base 7, what is -3 + 116664341?
116664335
In base 10, what is 24478 - -11915?
36393
In base 11, what is 206777 + 795?
207461
In base 8, what is -3303601 - 14?
-3303615
In base 14, what is -436d93 - -15?
-436d7c
In base 8, what is 24727 + 106105?
133034
In base 8, what is 454 - 7376?
-6722
In base 10, what is 109631 + -2108?
107523
In base 9, what is -213288241 + 0?
-213288241
In base 9, what is 15118 + -21555?
-5436
In base 6, what is -4102532155 - 1?
-4102532200
In base 9, what is 16 - 5620011?
-5618884
In base 3, what is -111122220 + -1120221101?
-2002121021
In base 15, what is 16 + 1db1b1?
1db1c7
In base 8, what is -16 + 33212?
33174
In base 9, what is -3467183 + -5?
-3467188
In base 10, what is 5342503 - 3?
5342500
In base 11, what is -832937 + 28?
-83290a
In base 11, what is 24 + -119190?
-119167
In base 8, what is 61 - 2567360?
-2567277
In base 15, what is -2e0e + -11d9?
-40e8
In base 10, what is 3 + 125490?
125493
In base 8, what is 63 - -2347111?
2347174
In base 6, what is -3225 - 252543?
-300212
In base 9, what is 107 + -3172562?
-3172454
In base 14, what is -57b8 - d?
-57c7
In base 10, what is -127217 - 78?
-127295
In base 2, what is -10011000110001101010 + -110010?
-10011000110010011100
In base 6, what is -31003 - -3131?
-23432
In base 6, what is 3001050 - -11?
3001101
In base 8, what is -22344 + -2375?
-24741
In base 4, what is 21011030 + 301112?
21312202
In base 2, what is 111010101000001111001 - 111?
111010101000001110010
In base 10, what is -14731211 + 0?
-14731211
In base 5, what is -3120 + -14110?
-22230
In base 15, what is -7ee31 - 73?
-7eea4
In base 9, what is 34732 + 115?
34847
In base 10, what is -12 + -1052042?
-1052054
In base 16, what is -4 - -d03abc?
d03ab8
In base 13, what is -2 - c109bb?
-c109c0
In base 2, what is 11 + -10110000101001111110011011?
-10110000101001111110011000
In base 6, what is 11220 - -54151?
105411
In base 15, what is -758 - c2?
-82a
In base 14, what is 278 - 47b6?
-453c
In base 12, what is 264 - -135b4?
13858
In base 5, what is -14134 - 24323?
-44012
In base 2, what is 11110001110111101111111110010 + -100?
11110001110111101111111101110
In base 6, what is 310200531 - -4?
310200535
In base 11, what is 16a84 - 206?
16879
In base 14, what is -18 - 183da?
-18414
In base 12, what is 2 - -254b0220?
254b0222
In base 4, what is 1000001221311 - 10?
1000001221301
In base 2, what is -11000011 + -1000011101000000?
-1000100000000011
In base 15, what is -4 - -ab9306?
ab9302
In base 11, what is 1 + 6a97691?
6a97692
In base 8, what is 61715021 - 0?
61715021
In base 11, what is 850643 + -2?
850641
In base 11, what is -12a847365 + -3?
-12a847368
In base 8, what is -20513 - 54065?
-74600
In base 4, what is -3 + -330201230033?
-330201230102
In base 16, what is 3f + 1e50d?
1e54c
In base 8, what is -163271 - 51?
-163342
In base 16, what is 9f - -3e45?
3ee4
In base 11, what is 61 - -3a486?
3a537
In base 3, what is 0 - 11202010212121012?
-11202010212121012
In base 6, what is -44032 - -130213?
42141
In base 15, what is -bed503 - -1?
-bed502
In base 16, what is -1542477 + -c?
-1542483
In base 6, what is -523220013 - -21?
-523215552
In base 9, what is -1171 + -1256?
-2437
In base 7, what is 120623044 - -31?
120623105
In base 15, what is -2 - -3b5a3b6?
3b5a3b4
In base 8, what is 3464 - 32003?
-26317
In base 6, what is -20 + 225104055?
225104035
In base 11, what is -4343 + -35?
-4378
In base 9, what is -1 + 108355857?
108355856
In base 11, what is 1 - 17278299?
-17278298
In base 7, what is -2205 - 343635?
-346143
In base 5, what is -114012 + -114311?
-233323
In base 2, what is -1100110110001101 - -111110110?
-1100101110010111
In base 11, what is -2 + 62576?
62574
In base 12, what is b989 - 24?
b965
In base 9, what is -13 + 208752187?
208752174
In base 8, what is -11331 - 32765?
-44316
In base 14, what is 4 - -1009caa?
1009cb0
In base 2, what is -1000001 - 1000001101111110101110?
-1000001101111111101111
In base 4, what is 100 - 130012232120?
-130012232020
In base 16, what is f - 61b887?
-61b878
In base 15, what is -1e + 16c2?
16a3
In base 10, what is -121394 + 8?
-121386
In base 9, what is -20 + -671355?
-671375
In base 8, what is 105 - -5620640?
5620745
In base 4, what is -121121201 - 2221123?
-130002330
In base 12, what is 6a + -64811a?
-648070
In base 3, what is 12101001021110 + -1002?
12101001020101
In base 3, what is 211221020221 + -1112211?
211212201010
In base 2, what is 101110111010010101101110110 + 10?
101110111010010101101111000
In base 9, what is -56567820 + 25?
-56567784
In base 7, what is -564043 - -1121?
-562622
In base 5, what is 23032 - -1011044?
1034131
In base 2, what is -1000000010001100010 + -101101?
-1000000010010001111
In base 14, what is 752c7 + 170?
75457
In base 5, what is 304123 - 111144?
142424
In base 3, what is 1012100021 - 1012200?
1011010121
In base 8, what is 13430071 + 112?
13430203
In base 6, what is 40442141 - 2?
40442135
In base 3, what is 110111 + -10202110210012?
-10202110022201
In base 9, what is -1 + 24223737?
24223736
In base 14, what is -4a31 + -d94?
-59c5
In base 7, what is -22 - 112265045?
-112265100
In base 13, what is -488a + -13?
-48a0
In base 7, what is 313513225 - 1?
313513224
In base 7, what is -5 + -404653?
-404661
In base 15, what is -308a4 + -2bce?
-33583
In base 6, what is 304412 + -313?
304055
In base 9, what is 23 - 48503013?
-48502880
In base 10, what is 1627 + 2694?
4321
In base 2, what is -1101101111001010001110101 - 11?
-1101101111001010001111000
In base 7, what is 20221 + 4252?
24503
In base 3, what is 11212 + 20200121112?
20200210101
In base 7, what is 0 + 13024425?
13024425
In base 5, what is -2 + -1231230104?
-1231230111
In base 3, what is 2021201102001 + -1101?
2021201100200
In base 3, what is -12011020 + -122010000?
-211021020
In base 2, what is 1101 - 100001011111101100110?
-100001011111101011001
In base 4, what is -103013332121 - 0?
-103013332121
In base 12, what is 19 - -735346?
735363
In base 4, what is 121021200111301 + -11?
121021200111230
In base 4, what is -1011010121 + 1201?
-1011002320
In base 8, what is -3 + -76167710?
-76167713
In base 13, what is -abc78 - 125?
-ac0a0
In base 4, what is -1203 - 103233120032?
-103233121301
In base 13, what is 5 + 4856a26?
4856a2b
In base 2, what is -1101011 + -10101101100010101?
-10101101110000000
In base 5, what is 1 + -2044240404?
-2044240403
In base 5, what is -1104131244 - -122?
-1104131122
In base 5, what is -211212 - -22230?
-133432
In base 16, what is a5 - 18c?
-e7
In base 6, what is 231224010511 + 3?
231224010514
In base 10, what is 199307 - 1?
199306
In base 2, what is -1000111000001110001 + 1111?
-1000111000001100010
In base 2, what is -11011 - 1001011011001011010011001?
-1001011011001011010110100
In base 11, what is -588255 + 133?
-588122
In base 6, what is -355 - 132513?
-133312
In base 11, what is -2 + 873369?
873367
In base 4, what is 21310 - 2211222211?
-2211200301
In base 6, what is